Let b be r(8). Let g = 25 - 18. Suppose i = -g + b. Calculate p(i).
2
Let y(z) = -z**3 - 15*z**2 + 13*z - 37. Let s = -1829 + 1813. What is y(s)?
11
Suppose 4*i + 4*p = 6*i + 12, -3*i = 3*p - 9. Suppose 5*b + 36 - 16 = i. Let l(h) be the first derivative of h**3/3 + h**2/2 - 1. Calculate l(b).
12
Let o be 0*(-1)/(-2) - -3. Let i(f) = 5*f + 16*f + 2 - 2*f + 10*f - 8*f - 7*f. Give i(o).
44
Let h(q) = 23*q + 22*q - 46*q + 10 + 20. Determine h(41).
-11
Let w(y) = 3*y - 3. Suppose -3*r - 5*r = -r. Suppose r = -2*t + 5*v + 1, 0*t = -t + 2*v. Let b be (4/t + -1)*-2. What is w(b)?
15
Let a(m) be the third derivative of -m**6/120 - m**5/3 - 3*m**4/4 + 19*m**3/6 - 404*m**2 + 2*m. What is a(-19)?
0
Let c(p) = -4*p**3 - 1384*p**2 + 2*p**3 + 0*p**3 + 1377*p**2 - 7*p - 4. Calculate c(-4).
40
Let j(u) be the first derivative of 0*u**3 - 5/4*u**4 - 2*u + 1/2*u**2 - 3. Determine j(1).
-6
Let t(z) be the first derivative of -z**4/12 + z**3/6 + 19*z**2 + 23*z + 47. Let w(h) be the first derivative of t(h). Give w(0).
38
Let g(v) be the second derivative of -2*v**4/3 + v**3/6 + 3*v**2 - 370*v + 3. Give g(-2).
-28
Let j(p) be the third derivative of 19*p**4/12 + p**3/2 + 1103*p**2. Determine j(2).
79
Let j(z) = -z**2 + z. Let g be -35*(-3 - (-65)/25). Suppose 5*l = -g - 16. Let t = l + 9. Determine j(t).
-6
Let u = -1159 - -1165. Let o(g) be the third derivative of -7/6*g**3 - 7*g**2 + 0*g + 1/24*g**4 + 0. What is o(u)?
-1
Let c = -6 - -12. Let m(w) = 24*w + w**3 + 0*w**3 + 503*w**2 - 25*w + 501*w**2 - 1010*w**2 + 6. Determine m(c).
0
Let y(c) = -8*c - 9. Let u be ((-16)/(-10))/4 + 6/30*28. Determine y(u).
-57
Let b(s) = -5*s**2 + 2*s - 2. Let l = -922 - -927. Let f be ((-10)/2 - l) + 7. Calculate b(f).
-53
Let x(w) = -w**3 - 12*w**2 - 5*w - 23. Let o(d) = d**3 + 75*d**2 - 758*d - 180. Let b be o(-84). What is x(b)?
37
Let u(l) = -7*l**2 - 11*l - 2. Let t(n) = -4*n**2 - 6*n - 1. Let j(x) = -11*t(x) + 6*u(x). Suppose -443 = -69*b + 661. Suppose 8 = b*m - 8*m. Give j(m).
1
Let d(w) = 1 + 24 - 2*w**2 + w**2 + 7*w + 11 - 43. Let y be 2/(-5) + (-32)/(-5). What is d(y)?
-1
Let p(r) be the third derivative of -r**4/8 - 31*r**3/3 - 2757*r**2. Calculate p(-18).
-8
Let k(z) = -253*z**2 - 12*z + 12. Let t(y) = -84*y**2 - y + 1. Let f(r) = k(r) - 3*t(r). Calculate f(-8).
17
Let g(z) = z**2 + 7*z + 4. Let s = 32 - 45. Let k be (s/(455/30))/((-2)/(-14)). Give g(k).
-2
Let t(z) be the third derivative of -z**5/60 - z**4/4 + z**3/2 - 750*z**2. Give t(-5).
8
Let n(j) = 2*j**2 - 2. Let u(o) = o**3 + 2*o**2 - 9*o + 5. Let m(r) = -4*n(r) + u(r). What is m(7)?
-1
Let f(n) = -3*n - 9. Let m(q) = 10. Let g(h) = 3*f(h) + 2*m(h). Let p(o) = 16*o + 15. Let d(a) = -11*g(a) - 6*p(a). Determine d(11).
20
Suppose -q = -5*w - 35, 4*w + 18*q - 16*q + 14 = 0. Let o(v) = -v - 14. Calculate o(w).
-8
Let x(p) = -9*p - 28. Let d(h) = -8*h - 28. Let n(u) = -4*d(u) + 3*x(u). Let v be n(-5). Let c(g) = g**3 - 3*g**2 - g + 4. Calculate c(v).
1
Suppose -318 - 1125 = 111*s. Let b(r) = 11 - r**2 - 11*r - 15*r - 7*r + 21*r. Calculate b(s).
-2
Let m = 8 + -5. Suppose 17 = -m*b - 7. Let s(w) be the second derivative of w**4/12 + 4*w**3/3 - 5*w**2/2 - 556*w. Determine s(b).
-5
Let p(r) = -r**3 - 17*r**2 + 20*r + 29. Let o(z) = z**3 + 11*z**2 - 17*z - 29. Let y(b) = -7*o(b) - 6*p(b). Determine y(25).
4
Suppose 5*p = 4*r + 18, 12 - 2 = p - 4*r. Let t be 6 + (-2 - 2/(-1)). Let f(b) = -2 - b**2 - 1 + t + 3*b + p. Determine f(4).
1
Let b be 5*(-4)/30*(-2)/(-4)*-9. Let x(j) = j**3 - 4*j**2 + 3*j + 4. What is x(b)?
4
Let i(w) be the first derivative of -5*w**2/2 + 36*w - 327. Determine i(8).
-4
Let h(g) = 56*g**2 - 2*g. Let n be (1/2*(68 + -66))/(-1). What is h(n)?
58
Let i(g) = -42 + 152 + 8*g - 101. What is i(1)?
17
Let z = 472 + -470. Let m(n) = 3 + 7 - n**2 + z - 7*n - 5*n + 5*n. Give m(-9).
-6
Let y(f) = -4*f**3 - f**2 - 2*f - 1. Suppose 0 = 20*z - 13*z - 168. Let h = z - 25. What is y(h)?
4
Let j = -245 - -116. Let t = -131 - j. Let c(d) = 3*d**3 + 2*d**2 + 2. Determine c(t).
-14
Let m(x) = 219 + 176 - 6*x + 208 - 570. Calculate m(4).
9
Let z(r) be the first derivative of -r**4/4 + 19*r**3/3 + r**2/2 - 22*r + 7. Let h be z(19). Let w(f) be the first derivative of -f**2 - 1. What is w(h)?
6
Let b(l) be the first derivative of -l**2/2 - 2*l - 15. Let z(u) = -u - 1. Let p(d) = -2*b(d) + 3*z(d). Calculate p(-4).
5
Let h(d) = -d + 8. Let i be h(0). Let s(b) = 2*b**2 - b - 6. Let c(p) = 3*p**2 - 8*p - 7. Let r(l) = -c(l) + s(l). Give r(i).
-7
Let l(j) = -2*j**3 + 9*j**2 - 9*j + 4. Let n be (-495)/(-45) + (-147)/18 - 2/(-12). Calculate l(n).
4
Let m(r) = 1 + r - 1. Let a(x) = 2*x + 11. Let q(b) = -9*b - 51. Let k(f) = -5*a(f) - q(f). Let t(j) = -k(j) - 3*m(j). Give t(6).
-8
Suppose -20 + 4 = 2*w. Let t(d) = 2*d**3 + 8*d**2 - 5*d + 4. Let m(y) = -5*y**3 - 24*y**2 + 15*y - 9. Let s(c) = w*t(c) - 3*m(c). Let h = 25 + -18. Give s(h).
9
Let m(f) be the second derivative of f**4/24 + 2*f**3/3 - 64*f**2 - 8*f + 2. Let u(o) be the first derivative of m(o). What is u(-6)?
-2
Suppose 4*d + 4 = 0, 3*t = 4*d + 7 - 6. Let w(f) = -7*f - 14. Let k(z) = -2*z - 5. Suppose 4*s + 14 = 5*s. Let a(r) = s*k(r) - 5*w(r). Determine a(t).
-7
Let w(y) = 6*y**2 - y. Let a(b) = b**2 - 17*b - 30. Let k be a(18). Let p be k/24 - 2/4. What is w(p)?
7
Suppose 5*x + 15 = -50. Let p = x - 12. Let n = p + 24. Let w(i) = i**2. What is w(n)?
1
Suppose 0 = -49*m + 54*m - 2*x, -m = 4*x + 22. Let y(k) be the second derivative of -k**5/5 - k**4/3 - 2*k**3/3 - 3*k**2/2 - 10*k. Determine y(m).
21
Let y(j) = -117*j**3 + 6 + 5*j**2 - 6*j - 226*j**3 + 330*j**3 + j**2. Calculate y(2).
-86
Let b(h) = h**2 - 19*h - 55. Let f(j) = 184*j - 3683. Let w be f(20). Calculate b(w).
11
Suppose 2*g + 19 = -3. Let t(i) = -5*i**3 - 25*i**2 - 36*i - 14. Let c(f) = f**3 + 5*f**2 + 7*f + 3. Let o(x) = g*c(x) - 2*t(x). Determine o(-4).
-1
Suppose 4*m = -79*q + 81*q + 2260, 3*q + 2264 = 4*m. Let z = 558 - m. Let d(p) = -p + p**3 + 7 + 0*p + 4*p**2 - 2*p. Determine d(z).
-3
Let l(s) be the third derivative of -7*s**4/24 - s**3/3 - 7*s**2 - 7*s. Suppose -5*d + 3*k = -1, 0*k = -5*d - 3*k - 11. Give l(d).
5
Let z(g) = -6 - 2 - 9*g - 6*g + 3*g + 13*g. Calculate z(12).
4
Let a(r) = -20*r - 32336 - 15*r + 32334 + 5*r. Calculate a(2).
-62
Let c(g) = -g**2 + g + 6. Let s be (11 + -2 - 4)/(-1). Let w(m) = m + 5. Let a be w(s). Let x be a/((36/24)/(6/4)). Determine c(x).
6
Let b(l) = l**2 - 2. Let z(m) = m + 1. Let p(r) = b(r) - 3*z(r). Calculate p(-4).
23
Let g(j) = 310482*j + 3*j**2 - 310433*j + 539 - 2*j**2. Calculate g(-32).
-5
Let g = 10817 - 10826. Let j(y) = y**2 + 3*y - 21. Give j(g).
33
Let d be (3/2)/((-7)/(-14)) - -6. Suppose -16 + 124 = d*i. Let s(t) = 6*t - 5. Let p(r) = -7*r + 4. Let c(z) = 5*p(z) + 6*s(z). Give c(i).
2
Let c = 8 + -50. Let a = 96 + c. Let y = a - 48. Let z(w) = w**2 - 3*w. What is z(y)?
18
Let j be 28113/21 + 2 - (-8)/28. Suppose -6*h + j = -1383. Let i(r) = -455*r + 1 + h*r - 3. Calculate i(-3).
1
Let v(w) = 79*w + 23. Let g(o) = 57*o + 29. Let q(t) = 3*g(t) - 2*v(t). Calculate q(-9).
-76
Let t(f) = -3*f**3 - 3*f**2 + 7*f + 1. Let s(r) = r**2 - r. Let u(y) = -4*s(y) - t(y). Suppose -2830 - 2120 = -10*n. Let j = n - 497. Give u(j).
-23
Let q(p) = -p**2 + 7*p + 7. Let n(r) = r**3 + 15*r**2 - 17*r - 9. Let j = 56 - -30. Let i = j - 102. Let l be n(i). Give q(l).
7
Let x(g) = -23 - 3*g**2 - 68 + 15*g + 6*g**2 - g + 27. What is x(3)?
5
Let f = -3574 + 3575. Let l(n) = -18*n**3 - 3*n**2 + 14*n + 11. Let u(q) = -6*q**3 - q**2 + 5*q + 4. Let a(b) = -4*l(b) + 11*u(b). What is a(f)?
6
Let v(y) = y - 4. Let t(m) be the second derivative of m**4/12 + m**3/3 - 3*m**2/2 + 13*m. Let u be t(4). Let o = 21 - u. Calculate v(o).
-4
Let f(t) = -35*t + 123. Let s(w) = -15*w + 62. Let j(x) = 4*f(x) - 9*s(x). What is j(-11)?
-11
Let c(q) = q**2 + 11*q + 3. Let l be 224/(12/3) - -4. Suppose 15*f = l - 15. Suppose 4*y = -5*j - 38, 2 = j + f*y + 3. Determine c(j).
-7
Suppose 0 = -3*j - 2*c + 53, j = 4*c - 4 + 45. Let n(z) = -3*z**2 + 64*z - 11. Let y be n(j). Let k(i) = i**3 - 10*i**2 - 5. Calculate k(y).
-5
Let d(y) = -27*y**2 - 22*y**2 + 54 + 16*y - 30*y**2 - 26*y**2 + 106*y**2. Calculate d(-6).
-6
Let q(a) be the first derivative of -a**4/8 + a**3/6 + 98*a**2 - 182. Let p(j) be 